+ 25. What are the prime factors of v(33)?
2, 229
Suppose 5*w + 140 = 4*d, 3*w + 175 = 5*d - 2*w. Suppose -11 = 4*p - d. Suppose -p*r + 15 = -r. List the prime factors of r.
3
Let j = 198 - -778. What are the prime factors of j?
2, 61
Suppose 0 = -10493*f + 10486*f + 26390. What are the prime factors of f?
2, 5, 13, 29
Let k = 1395 + -1127. What are the prime factors of k?
2, 67
Suppose 5*f - 2*q - 97 = -5*q, 4*q + 18 = 2*f. Let h = 91 + f. List the prime factors of h.
2, 3
Let g(l) = 322*l**2 - 7*l + 12. List the prime factors of g(2).
2, 643
Let i(m) = 49*m**2 + 2*m + 1. Let z be i(-1). Let j be (-3)/((-9)/z) - 3. Suppose t = 12 + j. List the prime factors of t.
5
Let g(p) = 35*p + 50. Suppose -3*z + 229 - 211 = 0. List the prime factors of g(z).
2, 5, 13
Suppose 143 = 3*j - 403. Let f be 2/12 + (475/30 - 13). Suppose 2*h = -4*a + 4*h + j, 0 = f*a - 5*h - 140. What are the prime factors of a?
3, 5
Suppose 185 + 371 = 4*d + q, -3*q = -5*d + 712. List the prime factors of d.
2, 5, 7
Let r be 75/(-60)*100/1. Let h = r + 178. What are the prime factors of h?
53
Suppose -490*v + 484*v = -14820. What are the prime factors of v?
2, 5, 13, 19
What are the prime factors of (-22)/(-4)*(-24 + 324)?
2, 3, 5, 11
Let k be 1/(-4) + 2465/20 + 1. Suppose 0 = 2*j - 3*j + k. What are the prime factors of j?
2, 31
Let g(y) = -30*y + y**2 + 3 - 4*y**2 + 0*y**2 + 5. List the prime factors of g(-9).
5, 7
Let n = 23 + -6. Let j(w) = -n*w + 13*w - 1 - 7. List the prime factors of j(-7).
2, 5
Let j be -4*((-14)/(-6))/((-16)/(-264)). Let v = 238 + j. List the prime factors of v.
2, 3, 7
List the prime factors of (-2560)/((-4)/(-12) + 32/(-24)).
2, 5
Let d(a) = -21*a**3 - 6*a**2 - 2*a + 8. What are the prime factors of d(-3)?
17, 31
Let y be (-1)/((-1)/(-7) - 752/5166). Let l = y + -213. What are the prime factors of l?
2, 3, 13
Let k = -384 - -3536. List the prime factors of k.
2, 197
Suppose -23 = -5*x - 4*f, 0 = -x - x - f + 8. Suppose -2*n - 2*h = -x*n + 182, -2*h = -5*n + 926. List the prime factors of n.
2, 3, 31
Let b(r) = -26*r - 6. List the prime factors of b(-5).
2, 31
Let b be 27/15*(-4 + 9). Let i = b + -10. Let y = 31 + i. What are the prime factors of y?
2, 3, 5
List the prime factors of (79866/(-24))/9*48/(-18).
2, 17, 29
Let w(x) = 7*x**3 + 3*x**2. Let t be w(3). Suppose 2*c - t + 44 = 0. List the prime factors of c.
2, 43
Let s = -9 + 30. Suppose s = b - 111. List the prime factors of b.
2, 3, 11
Let k be ((-216)/90)/(2/(-15)). Let t(s) = 4*s**3 + s**2 + s. Let w be t(2). Let y = w - k. What are the prime factors of y?
2, 5
Let b(j) be the first derivative of j**3/3 - 3*j**2/2 - 19*j - 18. What are the prime factors of b(12)?
89
Let u be ((-8)/10)/((-1)/(20/(-8))). List the prime factors of (1 - u)*(-763)/(-21).
109
Suppose 0 = 5*k - 2955 - 2410. List the prime factors of k.
29, 37
Suppose 0 = -5*f + 26 - 11, j + 5*f - 11 = 0. Let x(m) = -1 + 2 - 3*m + 0 - 9*m**2 + 11*m**2. What are the prime factors of x(j)?
3, 5
Let x = 1032 - -121. What are the prime factors of x?
1153
Let s be 2/3 + 64/12. Suppose h + a = -a + s, 12 = -3*h + 4*a. Let l = 37 - h. What are the prime factors of l?
37
What are the prime factors of (15 + -3)*23 + (-1 - 2)?
3, 7, 13
Let q(k) = 103*k - 4. Let s(w) = 103*w - 4. Let l(f) = -2*q(f) + 3*s(f). What are the prime factors of l(2)?
2, 101
Suppose -2 = 2*x, 9*x + 1613 = 5*w + 6*x. What are the prime factors of w?
2, 7, 23
Let q(v) = -v + 1. Let o be q(0). List the prime factors of (-25 + -8)*(o + -2).
3, 11
Let m be 0*3/(-6)*(-7)/28. Suppose m = 5*w - 164 - 231. What are the prime factors of w?
79
Suppose 109 = q + 4*x, 5*q - x + 72 = 575. What are the prime factors of q?
101
Let x(v) = 2*v - 5. Let h be x(5). Let s(o) = o**3 - 4*o**2 - 4*o + 1. Let b be s(h). What are the prime factors of (561/44)/(b/16)?
2, 17
Let b be 0 - -3 - 11*(-395)/5. What are the prime factors of -27*(b/(-78) + (-20)/130)?
2, 3, 17
Suppose -5 + 35 = 3*f. Suppose -f*y + 20 = -5*y. Suppose 2*i + 42 = y*i. List the prime factors of i.
3, 7
Suppose 3*m + 5*f - 52 = 0, -4*m - m + 124 = -f. Suppose l - m = -5*l. List the prime factors of l.
2
Suppose 0 = 5*h - 4*w - 7953, -34*h = -38*h - w + 6375. What are the prime factors of h?
3, 59
Let v(p) = -11*p**2 + 2*p - 8. Let a be v(4). Let b = a - -350. Suppose 3*q - 174 = -2*k - k, 3*k = -4*q + b. List the prime factors of k.
2, 29
Let v(g) = 3*g - 8 - g - 4 - 9*g. Let z be v(-8). Suppose -p + 2*d + 23 = 0, 2*p = 8*d - 3*d + z. List the prime factors of p.
3
Let g = -789 + 1484. What are the prime factors of g?
5, 139
Let f(l) be the third derivative of 1/24*l**4 + 0*l + 1/6*l**3 - 2/15*l**6 + 1/60*l**5 - 5*l**2 + 0. What are the prime factors of f(-1)?
17
Let f = 465 - 35. What are the prime factors of f?
2, 5, 43
Let u be ((-12)/(-10))/(38/285). Suppose 0 = 7*j - u*j + 212. What are the prime factors of j?
2, 53
What are the prime factors of ((-207)/(-30) - (-2)/(-5))*58?
13, 29
Suppose 11040 = 27*d - 489. List the prime factors of d.
7, 61
List the prime factors of 79*(22/55 - (-88)/5).
2, 3, 79
List the prime factors of 41 - 35 - 560*-1.
2, 283
Let w(h) = -24*h - 26. Let p be w(-15). Suppose 22 = 4*m + z - p, m + 5*z = 70. What are the prime factors of m?
2, 3, 5
Let t(m) = -4479*m**3 - 3*m**2 + 7*m + 9. List the prime factors of t(-1).
2, 2239
Suppose 52*b + 1519 = 30691. List the prime factors of b.
3, 11, 17
Let o(d) = -6*d - 7. Let t be o(-6). Suppose x + 2*c = 4*c - 14, -10 = 2*c. Let f = t + x. What are the prime factors of f?
5
Suppose 0 = -3*u - 46 + 40. List the prime factors of (u/3)/(28/(-966)).
23
Let v(p) = -96*p + 6. Let m be v(4). Let i be (-2)/8 - m/(-24). Let n = 3 - i. List the prime factors of n.
19
Let c = 51 - 36. Let p(y) = y**2 - 10*y + 24. List the prime factors of p(c).
3, 11
What are the prime factors of -1 - (22242/(-5) - 90/150)?
2, 139
Suppose z + 13 = 3*h, -z + 5*h = -6*z - 25. Let m(x) = x**3 + 12*x**2 + 18*x + 17. What are the prime factors of m(z)?
2, 17
Suppose 2*y - 197 = -2*f - 3*f, -5*f + 308 = 3*y. List the prime factors of y.
3, 37
Let y(u) = u**3 - 35*u**2 + 33*u + 37. Let o be y(34). Suppose o*k + 64 = 82. List the prime factors of k.
2, 3
Let p = 49 - 33. Let r = p + -14. Suppose -r*x + 45 = -15. List the prime factors of x.
2, 3, 5
Let l = 19 + 46. Suppose l = s - 2*a, 0 = a - 2*a - 4. What are the prime factors of s?
3, 19
Let j(k) = -4*k**3 - 2*k**2 - 8*k + 9. Let x(y) = 5*y**3 + 2*y**2 + 7*y - 8. Let g(t) = 3*j(t) + 4*x(t). What are the prime factors of g(2)?
3, 5
Suppose o - 3*p - 12 = p, 2*o + p - 51 = 0. Let q be 1 + 0 - (-7 - -5). Suppose 0*a - 120 = -q*g + 3*a, 0 = -g - 3*a + o. List the prime factors of g.
2, 3
Let t(k) be the third derivative of 13*k**5/60 - k**4/12 - k**3/6 + 4*k**2. Let i be t(-1). Let s = i - 6. What are the prime factors of s?
2
Suppose 2*w + 5*v = 2770, 811*v - 815*v = 4*w - 5564. What are the prime factors of w?
3, 5, 31
List the prime factors of (-1764)/30*20/(-6).
2, 7
Let w(v) be the third derivative of v**6/120 + v**5/10 + v**4/6 - v**3/6 - 10*v**2. Let s be w(-5). Suppose -6*r = -s*r - 78. What are the prime factors of r?
3, 13
Let i(h) = 4*h - 18. Suppose -5*x + 0*c = -c - 142, -x = -3*c - 20. Let o be (-6)/(-18) - x/(-3). List the prime factors of i(o).
2, 11
Let t be 2*(-1 + (-4)/8). Let c = t - -6. Suppose p - 4*r - 17 = 0, -2*p = -0*r - c*r - 54. List the prime factors of p.
3, 11
Let s(r) = -19*r - 9. List the prime factors of s(-2).
29
Let j be (-2)/(3/((-114)/4)). Let f be 2 - -56 - (23 - 22). Suppose 3*u - 4*u - f = -3*d, -u - j = -d. List the prime factors of d.
19
Let a = 827 + -557. Suppose -5*u + 2*g + 2*g = -1332, a = u + g. List the prime factors of u.
2, 67
Suppose -343 = -5*g + 192. Let v = g + -59. What are the prime factors of v?
2, 3
Suppose 2*v + 3 = w, 0 = -5*w + 6*v - 4*v + 31. Suppose -5*m = -w*m + 190. What are the prime factors of m?
5, 19
Let o(h) = h**3 - 5*h**2 - 5*h - 2. Let y be (13 + -17)*(-3)/2. Let w be o(y). Suppose 4*v + 72 = w*k, 5*v - 7 - 5 = -k. What are the prime factors of k?
17
Suppose -25584 = -23*d - 3*d. List the prime factors of d.
2, 3, 41
Suppose -789 = -5*f + 1251. Suppose 2*l = -2*p + f, 2*l - 824 = -p - 3*p. What are the prime factors of p?
2, 13
Suppose p - 2124 = -601. List 